2*f - 363 = -4*v - f. Is v a composite number?
True
Suppose -29606 = 11*t - 139683. Is t prime?
True
Let l(w) = -100*w**3 + 2*w**2 - 2*w + 7. Let c be l(-3). Let y = c - -655. Is y a prime number?
False
Let i = 9925 - 6626. Is i prime?
True
Let l(x) = 5*x - 3. Let i be l(1). Suppose 2*r = -u - 4, i*u + 2*r + 1 = -1. Is (1/(-2))/(u/(-716)) a prime number?
True
Let j = 3489 - 1946. Is j prime?
True
Suppose -n - 14607 - 6363 = -3*a, 2*n + 6 = 0. Is a prime?
False
Let z = -863 + 9408. Is z a prime number?
False
Let x(g) = -g**3 - 4*g**2 - 5*g - 4. Let m be x(-3). Suppose -3*s + 3*j + 96 = 0, -s - 152 = -5*s - m*j. Let t = s - -77. Is t prime?
True
Suppose -39 = 2*n - n. Is 4/26 + (-15945)/n prime?
True
Suppose 68*l - 63*l - 190 = 0. Suppose 0 = 3*f - 5*f + 18. Suppose 0 = -7*u + f*u - l. Is u composite?
False
Let p = 12 - 0. Let o be (-6)/p + (-489)/(-2). Let r = o - -129. Is r prime?
True
Suppose 675 = -3*y - 441. Is (23/46)/((-2)/y) a prime number?
False
Suppose 5*d - 3*a = 20458, 18767 - 6489 = 3*d - 5*a. Is d a prime number?
True
Let x = 2 + 6. Let v be (9/(-12))/((-3)/x). Suppose -1924 = -2*w - 0*w + v*r, 0 = -5*r + 25. Is w a composite number?
False
Let m be 8/(-12) - (-10)/(-3). Let i be ((-5 - m) + 0)*-6. Suppose -705 = -i*l + l. Is l a prime number?
False
Let k be (-6)/3 - (-3 - 2). Suppose -k*p - 3*c + 1191 = -0*c, p = c + 387. Suppose 0 = 5*f + 97 - p. Is f a prime number?
True
Let m be -13*1/(0 - -1). Let s = m - -19. Is (-3)/s - (-3603)/2 prime?
True
Let s(p) = -83*p + 4. Let a = 79 - 82. Is s(a) a prime number?
False
Let i(j) = 67*j**3 - 2*j**2 + 8*j + 5. Let m be i(-5). Let q = -4505 - m. Suppose 7*k = 2*k + q. Is k composite?
True
Let o(t) be the second derivative of t**3/2 + 61*t**2/2 + 31*t. Is o(12) a prime number?
True
Suppose 29369 = 2*u + g, 0 = -7*u + 2*u - 3*g + 73424. Is u prime?
True
Suppose -4*u + 0*u = 3*l - 688, 4*l = 4*u + 936. Suppose 0 = t - 5*t + l. Is t prime?
False
Suppose -6*y = -2*y + 5*t - 4, y = 4*t + 1. Is ((-34)/(-6))/(y/9) composite?
True
Is (-3)/((-3 + 1)/(-52)*-2) a prime number?
False
Is 13268/3 + (-925)/555 prime?
True
Let d be 4/22 - 35490/143. Let x = 11 - d. Is 28/(-1)*x/(-28) a composite number?
True
Suppose h + a = 8153, a = -h - 2*h + 24451. Is h a composite number?
True
Let l be ((-8)/(-12))/((-6)/(-27)). Let f be 4 + -4 + 1 + l. Suppose 1180 = -0*y + f*y. Is y a composite number?
True
Suppose 2*s - 260 = 5*y, 3*s - 3*y - 338 = 61. Let h = -50 + s. Is h a composite number?
True
Let d be 111/(((-6)/(-4))/1). Let p be -2 + 2 - 90/(-2). Let z = d + p. Is z a composite number?
True
Let o = -23 - -17. Let b be 4575/(-6) + (-3)/o. Is -6 - -3 - (-2 + b) prime?
True
Suppose 0 = -m - m + 5*o + 47, -3*o - 89 = -5*m. Let d = m - 13. Suppose -v = 4*l - 169, l - d*l = -2*v + 318. Is v a prime number?
False
Suppose 0 = 5*d + 3*c - 6298, -9*d + 11*d = -5*c + 2523. Is d a prime number?
True
Suppose 86*f - 7 = 87*f. Let a(w) = 6*w**2 + 7*w + 9. Is a(f) a prime number?
False
Let x(b) = 3152*b + 395. Is x(13) a prime number?
False
Suppose -4*h = -6527 - 941. Suppose -4978 + h = -5*b + 4*v, -5*b + 3*v = -3112. Suppose 3*z = 10*z - b. Is z a composite number?
False
Suppose 0 = 5*l + 2*a - 104, -5*l + 6*l - 3*a = 14. Suppose -l = 4*r, 3*r - 1040 = -2*y - 3*y. Is y composite?
False
Let j = 50429 - 16026. Is j a prime number?
True
Let z = 13812 - 7463. Is z prime?
False
Suppose 5*q = -5*g + 34325, 5*q = 6*q - 3*g - 6849. Is q prime?
False
Let t = 1064 + -167. Let a = t - 256. Suppose 424 = 5*f - a. Is f composite?
True
Suppose 12179 = 8*m - 165. Is m a composite number?
False
Let z = -93 - -217. Is (z - -12) + -2*1 a composite number?
True
Is (-4)/((40/(-16145))/2) composite?
False
Suppose -3*j = a - 273, -j + 2*j - 1081 = -4*a. Suppose -5*i + a + 2275 = 0. Is i a composite number?
False
Suppose 1422 = 3*z - 0*z + 2*k, 2*k - 1898 = -4*z. Let d = z - 57. Is d prime?
True
Let w(l) = 3*l + 34. Let z be w(9). Suppose -3*i + 179 = -5*j - z, -2*i + 5*j + 155 = 0. Is i composite?
True
Let h be (5048 - (4 + -6))*4/10. Let k = h + -1223. Is k a prime number?
True
Suppose 6*i = -m - 0*m + 115479, i - 19244 = -m. Is i a prime number?
False
Suppose -1764 = -3*x - 2*z, -2*x - x + 4*z = -1746. Let g = -1005 + x. Let k = g + 672. Is k composite?
True
Let i(d) = d**2 - 7*d. Let y be i(7). Let c(t) = t**2 + 20. Let z be c(y). Let q = 5 + z. Is q composite?
True
Is ((-1)/(-2))/((-7)/3176558*-11) a composite number?
False
Let q be 1*-1*1 - 30/15. Let n(r) = -159*r**3 - 3*r**2 - 3*r - 10. Is n(q) a composite number?
True
Let y = -4462 - -2741. Is 34/9 + -4 + y/(-9) composite?
False
Suppose -4*y + 29 = 3*n, 2*n = -4*y + y + 21. Suppose -3*k - 18 = q, 10 = 4*q + 3*k + 73. Is n/q - (-4608)/15 composite?
False
Suppose 0 = -5*z + 4*h + 16235 + 28296, -8923 = -z + 5*h. Is z prime?
False
Let j be (-122)/6 - 12/18. Let h(d) = -d**3 - 19*d**2 + 29*d + 20. Is h(j) a prime number?
True
Suppose -6*f = -11*f + 100. Let g = f + -16. Suppose -310 = -2*y + g*j - 7*j, 3*y - j - 443 = 0. Is y a composite number?
False
Suppose -2*j - 2 = -4. Let q be j + -2 + -2 + -726. Let u = q + 1270. Is u a composite number?
False
Suppose -2*o - 12 - 2 = 2*b, 5*b + 3*o = -33. Let k(c) be the first derivative of -33*c**2/2 - 7*c + 2. Is k(b) a composite number?
False
Suppose -4*f - 2*u + 161110 = 0, -f + 4*u + 40275 = 2*u. Is f composite?
False
Suppose o + 3065 = 5*r, -9 = -2*o + 1. Suppose 1061 = 5*z - r. Is z composite?
True
Let u = 9095 + 2108. Is u composite?
True
Let n(x) = x + 5. Let k(j) = j. Let s(g) = -5*k(g) - n(g). Suppose -10*c + 4*m + 8 = -14*c, -4*c + m - 33 = 0. Is s(c) a composite number?
False
Let n(x) = -3*x - 21. Let j be n(-5). Let o(c) = -2*c**3 - 5*c**2 - 8*c + 1. Is o(j) composite?
True
Suppose 13317 = -d + 2*d + 4*g, -4*d + 4*g + 53228 = 0. Is d a prime number?
True
Suppose -28 + 26 = -2*t. Is 856 + 6 - (t + 2) a composite number?
False
Let f(s) = 3*s**2 - 4*s + 2*s**2 - 2*s**2 + 6. Let k be (-21)/(-14)*32/6. Is f(k) a composite number?
True
Let g(q) = -14*q - 11. Let s(l) = -34 - 33*l + 0*l - 8*l. Let x(v) = 7*g(v) - 2*s(v). Is x(-8) a composite number?
True
Suppose s + 11 = 5*q, 0*s + 5 = -5*q + 5*s. Is q/(-12) - 1018/(-8) a prime number?
True
Let y(w) = 26*w**3 - w**2 + w + 3. Suppose -3*c + 12 = 2*l, -7*l = -c - 3*l + 4. Is y(c) a composite number?
True
Let w(h) = 5*h**3 + 3*h**2 + 4*h - 9 + 8*h**2 + 3*h + 5. Is w(11) prime?
True
Let s(t) = t**2 - 10*t - 2. Let b be s(10). Let j be (b/2)/((-2)/40). Is 5/j - 153/(-12) a composite number?
False
Let w be ((-28)/(-8) + -4)*0. Suppose -3*l + w*l + 174 = 0. Is l a prime number?
False
Suppose 51*t - 1333771 = 1008608. Is t a composite number?
True
Let l(z) = -196*z**2 - 3*z + 8. Let q(g) = -65*g**2 - g + 3. Let x(s) = -4*l(s) + 11*q(s). Suppose -5*c = 2*w + 17, -8 = -4*w + c + 3*c. Is x(w) composite?
True
Let r(g) = -g**2 - 11*g - 16. Let f be r(-9). Is -2 - (-2 - f - 155) a composite number?
False
Let a(t) = -88*t**3 + t**2 + 5*t + 5. Is a(-1) prime?
True
Let s = 16097 - 8448. Is s prime?
True
Let d = 365 + 173. Is d a composite number?
True
Suppose -3*j = 3*n - 125010, -22*j = -n - 17*j + 41664. Is n a composite number?
False
Let c(h) = h**2 - 8*h + 19. Let s be c(5). Suppose q + 5*z - 173 = 0, -s*q + 155 = -3*q - 4*z. Is q a prime number?
True
Suppose 4*x - 39452 = u, 0 = -2*x - 2*u + 3*u + 19726. Is x prime?
False
Suppose 3*f - 5*w = 20, 2 = -2*w - 0. Suppose -3*u + 8 = 4*h, 0*u - f*u + 2 = h. Suppose 3*j - 6*j + 66 = u. Is j a composite number?
True
Let q = 11 - 3. Suppose -q*o + 232 = -4*o. Is o a composite number?
True
Let i be (1 + 2)*(-14)/(-21). Let p be 174/54 + i/(-9). Is 159/(-2*p/(-4)) prime?
False
Let x = -1363 - -27462. Is x a composite number?
False
Let y = 311 - 108. Is y a prime number?
False
Let c(l) = 27*l. Let w be c(-1). Let g = w - -64. Is g a prime number?
True
Let v be (-3 - -6) + -2 + -19. Is (-2 - 16/3)*v/12 composite?
False
Suppose -4*b + 2*b = 3*b. Suppose b = 3*n - 36 - 723. Is n composite?
True
Is (62032 - 2) + 1*15/(-5) a prime number?
False
Let j(p) = 96*p**2 + 52*p - 127. Is j(-21) composite?
False
Let p be (-6)/(-21) - (-6520)/14. Let d = -321 + p. Is d a composite number?
True
Suppose 99435 = 48*n - 33*n. Is n prime?
False
Let a = 210644 + -117133. Is a a com